{"id":21,"date":"2020-01-29T12:19:48","date_gmt":"2020-01-29T15:19:48","guid":{"rendered":"https:\/\/endopedrio.com.br\/?page_id=21"},"modified":"2020-12-07T10:46:59","modified_gmt":"2020-12-07T13:46:59","slug":"exames-realizados","status":"publish","type":"page","link":"https:\/\/endopedrio.com.br\/?page_id=21","title":{"rendered":"Exames realizados"},"content":{"rendered":"<h2><span style=\"color: #000080;\">Endoscopia Digestiva Pedi\u00e1trica<\/span><\/h2>\n<h2 style=\"text-align: left;\"><span style=\"color: #003366;\"><strong>Para agendar o exame \u00e9 necess\u00e1rio ter o pedido m\u00e9dico<\/strong><\/span><\/h2>\n<p>&nbsp;<\/p>\n<input type='hidden' bg_collapse_expand='69e215b83bd053021617867' value='69e215b83bd053021617867'><input type='hidden' id='bg-show-more-text-69e215b83bd053021617867' value='VIDEOENDOSCOPIA DIGESTIVA ALTA COM TESTE DA UREASE E BI\u00d3PSIAS'><input type='hidden' id='bg-show-less-text-69e215b83bd053021617867' value='VIDEOENDOSCOPIA DIGESTIVA ALTA COM TESTE DA UREASE E BI\u00d3PSIAS'><button id='bg-showmore-action-69e215b83bd053021617867' class='bg-showmore-plg-button bg-blue-button bg-arrow '   style=\" color:#ffffff;\">VIDEOENDOSCOPIA DIGESTIVA ALTA COM TESTE DA UREASE E BI\u00d3PSIAS<\/button><div id='bg-showmore-hidden-69e215b83bd053021617867' ><\/p>\n<p>Exame realizado com um tubo longo e flex\u00edvel que possui uma c\u00e2mera que permite examinar e fotografar a parte superior do trato digest\u00f3rio (es\u00f4fago, est\u00f4mago e duodeno). Rotineiramente s\u00e3o realizados o teste r\u00e1pido da urease (para pesquisa da bact\u00e9ria <em>Helicobcter pylori<\/em>) e bi\u00f3psias (coleta de pequenas amostras de tecidos que s\u00e3o enviadas para exame em laborat\u00f3rio). Esses resultados est\u00e3o dispon\u00edveis em aproximadamente vinte dias.<\/p>\n<p><strong>Preparo\u00a0para endoscopia digestiva alta<\/strong> \u00e9 necess\u00e1rio jejum de 6 horas para alimentos e leite antes do exame. Em lactentes em uso de leite materno o jejum \u00e9 de 3 horas.<\/p>\n<p>[popup url=&#8221;https:\/\/endopedrio.com.br\/indicacao1.htm&#8221; height=&#8221;400&#8243; width=&#8221;400&#8243; scrollbars=&#8221;yes&#8221; alt=&#8221;popup&#8221;]Indica\u00e7\u00f5es frequentes em Endoscopia Digestiva Pedi\u00e1trica diagn\u00f3stica e terap\u00eautica[\/popup]\u00a0<\/div>\n<p>&nbsp;<\/p>\n<input type='hidden' bg_collapse_expand='69e215b83c0845050132085' value='69e215b83c0845050132085'><input type='hidden' id='bg-show-more-text-69e215b83c0845050132085' value='COLONOSCOPIA COM BI\u00d3PSIAS'><input type='hidden' id='bg-show-less-text-69e215b83c0845050132085' value='COLONOSCOPIA COM BI\u00d3PSIAS'><button id='bg-showmore-action-69e215b83c0845050132085' class='bg-showmore-plg-button bg-blue-button bg-arrow '   style=\" color:#ffffff;\">COLONOSCOPIA COM BI\u00d3PSIAS<\/button><div id='bg-showmore-hidden-69e215b83c0845050132085' >Exame realizado com um tubo longo e flex\u00edvel que possui uma c\u00e2mara que permite examinar e fotografar a parte inferior do trato digest\u00f3rio chamada de c\u00f3lon ou intestino grosso. Pequenas amostras de tecido (chamadas bi\u00f3psias) s\u00e3o coletadas e enviadas para exame em laborat\u00f3rio. Esses resultados est\u00e3o dispon\u00edveis em aproximadamente vinte dias.<\/p>\n<p><strong>Preparo para colonoscopia<\/strong> \u00e9 realizado no dia do exame em ambiente hospitalar, com medica\u00e7\u00f5es para limpeza do c\u00f3lon em quantidade adequada para idade e peso dos pacientes, permitindo boa visualiza\u00e7\u00e3o de todo o c\u00f3lon e reduzindo tamb\u00e9m os riscos de complica\u00e7\u00f5es do procedimento.<\/p>\n<p>[popup url=&#8221;https:\/\/endopedrio.com.br\/indicacao2.htm&#8221; height=&#8221;400&#8243; width=&#8221;400&#8243; scrollbars=&#8221;yes&#8221; alt=&#8221;popup&#8221;]Indica\u00e7\u00f5es frequentes em Colonoscopia Pedi\u00e1trica diagn\u00f3stica e terap\u00eautica[\/popup]<\/p>\n<p><\/div>\n<p>&nbsp;<\/p>\n<input type='hidden' bg_collapse_expand='69e215b83c1dd7025219886' value='69e215b83c1dd7025219886'><input type='hidden' id='bg-show-more-text-69e215b83c1dd7025219886' value='COLONOSCOPIA COM POLIPECTOMIA'><input type='hidden' id='bg-show-less-text-69e215b83c1dd7025219886' value='COLONOSCOPIA COM POLIPECTOMIA'><button id='bg-showmore-action-69e215b83c1dd7025219886' class='bg-showmore-plg-button bg-blue-button bg-arrow '   style=\" color:#ffffff;\">COLONOSCOPIA COM POLIPECTOMIA<\/button><div id='bg-showmore-hidden-69e215b83c1dd7025219886' >Exame que permite avalia\u00e7\u00e3o do reto e c\u00f3lon al\u00e9m da remo\u00e7\u00e3o de p\u00f3lipos. A maioria dos p\u00f3lipos em idade pedi\u00e1trica s\u00e3o p\u00f3lipos juvenis e n\u00e3o t\u00eam potencial maligno. Raramente os p\u00f3lipos podem fazer parte de alguma s\u00edndrome polipoide.<\/p>\n<p><\/div>\n<p>&nbsp;<\/p>\n<input type='hidden' bg_collapse_expand='69e215b83c29a7027131984' value='69e215b83c29a7027131984'><input type='hidden' id='bg-show-more-text-69e215b83c29a7027131984' value='RETIRADA DE CORPOS ESTRANHOS'><input type='hidden' id='bg-show-less-text-69e215b83c29a7027131984' value='RETIRADA DE CORPOS ESTRANHOS'><button id='bg-showmore-action-69e215b83c29a7027131984' class='bg-showmore-plg-button bg-blue-button bg-arrow '   style=\" color:#ffffff;\">RETIRADA DE CORPOS ESTRANHOS<\/button><div id='bg-showmore-hidden-69e215b83c29a7027131984' >A ingest\u00e3o de corpos estranhos como moedas e brinquedos \u00e9 frequente na inf\u00e2ncia e a maioria passa pelo trato gastrointestinal sem causar problemas, mas at\u00e9 20% dos casos necessitam de remo\u00e7\u00e3o por via endosc\u00f3pica para evitar complica\u00e7\u00f5es como obstru\u00e7\u00e3o e perfura\u00e7\u00e3o da luz<\/div>\n<p>&nbsp;<\/p>\n<input type='hidden' bg_collapse_expand='69e215b83c38f0053639985' value='69e215b83c38f0053639985'><input type='hidden' id='bg-show-more-text-69e215b83c38f0053639985' value='HEMOSTASIA DE LES\u00d5ES SANGRANTES'><input type='hidden' id='bg-show-less-text-69e215b83c38f0053639985' value='HEMOSTASIA DE LES\u00d5ES SANGRANTES'><button id='bg-showmore-action-69e215b83c38f0053639985' class='bg-showmore-plg-button bg-blue-button bg-arrow '   style=\" color:#ffffff;\">HEMOSTASIA DE LES\u00d5ES SANGRANTES<\/button><div id='bg-showmore-hidden-69e215b83c38f0053639985' ><\/div>\n<p>&nbsp;<\/p>\n<input type='hidden' bg_collapse_expand='69e215b83c4043076914414' value='69e215b83c4043076914414'><input type='hidden' id='bg-show-more-text-69e215b83c4043076914414' value='DILATA\u00c7\u00c3O DE ESTENOSES'><input type='hidden' id='bg-show-less-text-69e215b83c4043076914414' value='DILATA\u00c7\u00c3O DE ESTENOSES'><button id='bg-showmore-action-69e215b83c4043076914414' class='bg-showmore-plg-button bg-blue-button bg-arrow '   style=\" color:#ffffff;\">DILATA\u00c7\u00c3O DE ESTENOSES<\/button><div id='bg-showmore-hidden-69e215b83c4043076914414' >Dilata\u00e7\u00e3o de estreitamentos<\/div>\n<p>&nbsp;<\/p>\n<input type='hidden' bg_collapse_expand='69e215b83c46b7039606437' value='69e215b83c46b7039606437'><input type='hidden' id='bg-show-more-text-69e215b83c46b7039606437' value='PASSAGEM DE SONDA POR ENDOSCOPIA'><input type='hidden' id='bg-show-less-text-69e215b83c46b7039606437' value='PASSAGEM DE SONDA POR ENDOSCOPIA'><button id='bg-showmore-action-69e215b83c46b7039606437' class='bg-showmore-plg-button bg-blue-button bg-arrow '   style=\" color:#ffffff;\">PASSAGEM DE SONDA POR ENDOSCOPIA<\/button><div id='bg-showmore-hidden-69e215b83c46b7039606437' >O posicionamento de sonda por endoscopia pode ser necess\u00e1rio para a alimenta\u00e7\u00e3o com seguran\u00e7a<\/div>\n<p>&nbsp;<\/p>\n<input type='hidden' bg_collapse_expand='69e215b83c4d11040455792' value='69e215b83c4d11040455792'><input type='hidden' id='bg-show-more-text-69e215b83c4d11040455792' value='GASTROSTOMIA ENDOSC\u00d3PICA'><input type='hidden' id='bg-show-less-text-69e215b83c4d11040455792' value='GASTROSTOMIA ENDOSC\u00d3PICA'><button id='bg-showmore-action-69e215b83c4d11040455792' class='bg-showmore-plg-button bg-blue-button bg-arrow '   style=\" color:#ffffff;\">GASTROSTOMIA ENDOSC\u00d3PICA<\/button><div id='bg-showmore-hidden-69e215b83c4d11040455792' >Procedimento em que uma sonda para alimenta\u00e7\u00e3o \u00e9 passada para o est\u00f4mago atrav\u00e9s da parede abdominal com aux\u00edlio da endoscopia, permitindo a nutri\u00e7\u00e3o, hidrata\u00e7\u00e3o e administra\u00e7\u00e3o de medicamentos. A t\u00e9cnica de gastrostomia endosc\u00f3pica percut\u00e2nea \u00e9 considerada simples e segura<\/div>\n<p>&nbsp;<\/p>\n<input type='hidden' bg_collapse_expand='69e215b83c5450009835682' value='69e215b83c5450009835682'><input type='hidden' id='bg-show-more-text-69e215b83c5450009835682' value='TRATAMENTO ENDOSC\u00d3PICO DE VARIZES DE ES\u00d4FAGO E G\u00c1STRICAS'><input type='hidden' id='bg-show-less-text-69e215b83c5450009835682' value='TRATAMENTO ENDOSC\u00d3PICO DE VARIZES DE ES\u00d4FAGO E G\u00c1STRICAS'><button id='bg-showmore-action-69e215b83c5450009835682' class='bg-showmore-plg-button bg-blue-button bg-arrow '   style=\" color:#ffffff;\">TRATAMENTO ENDOSC\u00d3PICO DE VARIZES DE ES\u00d4FAGO E G\u00c1STRICAS<\/button><div id='bg-showmore-hidden-69e215b83c5450009835682' ><\/div>\n<p>&nbsp;<\/p>\n<input type='hidden' bg_collapse_expand='69e215b83c5ca9087573250' value='69e215b83c5ca9087573250'><input type='hidden' id='bg-show-more-text-69e215b83c5ca9087573250' value='INJE\u00c7\u00c3O DE MEDICAMENTOS POR ENDOSCOPIA'><input type='hidden' id='bg-show-less-text-69e215b83c5ca9087573250' value='INJE\u00c7\u00c3O DE MEDICAMENTOS POR ENDOSCOPIA'><button id='bg-showmore-action-69e215b83c5ca9087573250' class='bg-showmore-plg-button bg-blue-button bg-arrow '   style=\" color:#ffffff;\">INJE\u00c7\u00c3O DE MEDICAMENTOS POR ENDOSCOPIA<\/button><div id='bg-showmore-hidden-69e215b83c5ca9087573250' ><\/div>\n<p>&nbsp;<\/p>\n<input type='hidden' bg_collapse_expand='69e215b83c6358080050128' value='69e215b83c6358080050128'><input type='hidden' id='bg-show-more-text-69e215b83c6358080050128' value='ESTENOTOMIAS'><input type='hidden' id='bg-show-less-text-69e215b83c6358080050128' value='ESTENOTOMIAS'><button id='bg-showmore-action-69e215b83c6358080050128' class='bg-showmore-plg-button bg-blue-button bg-arrow '   style=\" color:#ffffff;\">ESTENOTOMIAS<\/button><div id='bg-showmore-hidden-69e215b83c6358080050128' >Tratamento para \u00e1reas estreitas<\/div>\n<p>&nbsp;<\/p>\n<input type='hidden' bg_collapse_expand='69e215b83c69f4042609695' value='69e215b83c69f4042609695'><input type='hidden' id='bg-show-more-text-69e215b83c69f4042609695' value='POLIPECTOMIAS'><input type='hidden' id='bg-show-less-text-69e215b83c69f4042609695' value='POLIPECTOMIAS'><button id='bg-showmore-action-69e215b83c69f4042609695' class='bg-showmore-plg-button bg-blue-button bg-arrow '   style=\" color:#ffffff;\">POLIPECTOMIAS<\/button><div id='bg-showmore-hidden-69e215b83c69f4042609695' >Retirada de p\u00f3lipos<\/div>\n<p>&nbsp;<\/p>\n","protected":false},"excerpt":{"rendered":"<p>Endoscopia Digestiva Pedi\u00e1trica Para agendar o exame \u00e9 necess\u00e1rio ter o pedido m\u00e9dico &nbsp; &nbsp; &nbsp; &nbsp; &nbsp; &nbsp; &nbsp; &nbsp; &nbsp; &nbsp; &nbsp; &nbsp; &nbsp;<\/p>\n","protected":false},"author":1,"featured_media":141,"parent":0,"menu_order":0,"comment_status":"closed","ping_status":"closed","template":"","meta":{"footnotes":""},"class_list":["post-21","page","type-page","status-publish","has-post-thumbnail","hentry"],"_links":{"self":[{"href":"https:\/\/endopedrio.com.br\/index.php?rest_route=\/wp\/v2\/pages\/21","targetHints":{"allow":["GET"]}}],"collection":[{"href":"https:\/\/endopedrio.com.br\/index.php?rest_route=\/wp\/v2\/pages"}],"about":[{"href":"https:\/\/endopedrio.com.br\/index.php?rest_route=\/wp\/v2\/types\/page"}],"author":[{"embeddable":true,"href":"https:\/\/endopedrio.com.br\/index.php?rest_route=\/wp\/v2\/users\/1"}],"replies":[{"embeddable":true,"href":"https:\/\/endopedrio.com.br\/index.php?rest_route=%2Fwp%2Fv2%2Fcomments&post=21"}],"version-history":[{"count":52,"href":"https:\/\/endopedrio.com.br\/index.php?rest_route=\/wp\/v2\/pages\/21\/revisions"}],"predecessor-version":[{"id":235,"href":"https:\/\/endopedrio.com.br\/index.php?rest_route=\/wp\/v2\/pages\/21\/revisions\/235"}],"wp:featuredmedia":[{"embeddable":true,"href":"https:\/\/endopedrio.com.br\/index.php?rest_route=\/wp\/v2\/media\/141"}],"wp:attachment":[{"href":"https:\/\/endopedrio.com.br\/index.php?rest_route=%2Fwp%2Fv2%2Fmedia&parent=21"}],"curies":[{"name":"wp","href":"https:\/\/api.w.org\/{rel}","templated":true}]}}